ite number?
False
Is 178492849 a prime number?
True
Is 6783397 composite?
True
Is 745516235 a composite number?
True
Is 431309 a composite number?
True
Is 31102787 prime?
True
Is 7724011 composite?
True
Is 11160491 prime?
True
Is 678517129 prime?
True
Is 7965209 prime?
False
Is 12339469 prime?
False
Is 38553523 prime?
False
Is 59896961 composite?
True
Is 7054961 a prime number?
True
Is 166293763 a composite number?
False
Is 503809 a composite number?
True
Is 124572661 prime?
False
Is 11801509 composite?
False
Is 104290619 prime?
False
Is 49371821 a composite number?
False
Is 1378759 a prime number?
True
Is 768478853 composite?
True
Is 1993441 composite?
False
Is 4468199 composite?
False
Is 14109499 prime?
True
Is 88492337 composite?
False
Is 1086431 a prime number?
False
Is 140589821 composite?
False
Is 120258373 a prime number?
True
Is 33440837 composite?
False
Is 32786794 a prime number?
False
Is 862181 prime?
True
Is 5532977 a composite number?
True
Is 61840139 a prime number?
True
Is 46190947 a prime number?
False
Is 53430697 a composite number?
False
Is 62062927 a prime number?
True
Is 4038473 composite?
True
Is 5284417 a prime number?
True
Is 1801403 composite?
False
Is 148970707 a composite number?
False
Is 69902347 prime?
False
Is 127855283 a prime number?
False
Is 89572591 prime?
True
Is 843677 composite?
False
Is 3431213 a prime number?
True
Is 930653 composite?
False
Is 319640011 a composite number?
False
Is 1226749 a composite number?
True
Is 1674941 composite?
False
Is 9347873 composite?
False
Is 581935 composite?
True
Is 22420117 prime?
True
Is 30149873 a composite number?
True
Is 6720353 composite?
False
Is 5917771 composite?
False
Is 3694267 composite?
False
Is 1007009 a prime number?
False
Is 43500683 a prime number?
False
Is 15712943 a prime number?
False
Is 2043731 prime?
False
Is 632358641 a prime number?
True
Is 5786083 a prime number?
True
Is 79607269 prime?
False
Is 225344723 composite?
True
Is 2730831 a composite number?
True
Is 28326553 a composite number?
False
Is 145061893 composite?
False
Is 4426667 prime?
False
Is 30662071 a composite number?
True
Is 9166477 a composite number?
False
Is 4568995 a composite number?
True
Is 22011701 composite?
False
Is 60361027 a composite number?
False
Is 58428607 prime?
True
Is 13204661 composite?
False
Is 70247231 a composite number?
False
Is 57539 a composite number?
True
Is 52558631 a prime number?
True
Is 639070981 a composite number?
True
Is 342773 a composite number?
True
Is 549392141 composite?
True
Is 4817311 a prime number?
False
Is 480200349 a prime number?
False
Is 155819023 prime?
True
Is 314999 a composite number?
True
Is 78091879 prime?
True
Is 166514003 composite?
True
Is 153107 a composite number?
False
Is 1177883 composite?
True
Is 18433169 composite?
True
Is 13921081 a prime number?
True
Is 55327967 composite?
True
Is 143061253 composite?
True
Is 24072511 a composite number?
False
Is 16677065 a composite number?
True
Is 2392534 a prime number?
False
Is 57669481 prime?
True
Is 347005 composite?
True
Is 1649423 a prime number?
False
Is 2615387 composite?
True
Is 11527699 a prime number?
False
Is 5704261 composite?
True
Is 34456327 a composite number?
False
Is 1763627 a composite number?
False
Is 4467347 prime?
True
Is 35234429 a prime number?
False
Is 2528951 composite?
True
Is 29803953 a composite number?
True
Is 37651415 a prime number?
False
Is 111918407 prime?
True
Is 221408269 a prime number?
True
Is 31613927 a composite number?
False
Is 689191 composite?
True
Is 6149963 composite?
False
Is 1440794 prime?
False
Is 26520667 a prime number?
True
Is 194749 composite?
False
Is 431218441 a prime number?
False
Is 12553409 composite?
True
Is 225859223 composite?
True
Is 2274841 composite?
False
Is 63820187 prime?
False
Is 10138621 prime?
True
Is 142076351 prime?
True
Is 1716971 composite?
False
Is 1853231 a prime number?
True
Is 4585951 a composite number?
True
Is 1249477 a prime number?
True
Is 400823 prime?
True
Is 2861893 composite?
True
Is 42582791 prime?
True
Is 353711 a composite number?
False
Is 46733 a prime number?
False
Is 861735749 a prime number?
False
Is 1813207 composite?
True
Is 60576458 composite?
True
Is 638621 prime?
True
Is 4895194 prime?
False
Is 19268867 prime?
False
Is 38472991 a composite number?
False
Is 139038077 prime?
True
Is 93981673 a prime number?
True
Is 1728137 composite?
True
Is 3021743 a composite number?
True
Is 201298 a prime number?
False
Is 442544783 prime?
True
Is 27659431 prime?
False
Is 13838297 a composite number?
True
Is 24121247 prime?
False
Is 120521 composite?
True
Is 79787659 composite?
True
Is 1731179 a composite number?
False
Is 12156022 a prime number?
False
Is 1254313 a prime number?
False
Is 38142847 prime?
True
Is 2075363 a prime number?
True
Is 1798973 composite?
True
Is 284952098 composite?
True
Is 1869691 prime?
True
Is 1882559 prime?
False
Is 2649077 a composite number?
False
Is 32992679 a prime number?
False
Is 802643 prime?
True
Is 4616679 composite?
True
Is 16904197 a prime number?
True
Is 2217017 a prime number?
False
Is 6022223 prime?
True
Is 13297129 composite?
False
Is 107389 a composite number?
True
Is 21713009 a prime number?
True
Is 196188929 prime?
True
Is 581267 prime?
False
Is 5453067 composite?
True
Is 52749817 composite?
True
Is 247167553 composite?
False
Is 728261 prime?
True
Is 1120109 composite?
False
Is 30259 prime?
True
Is 1481533 a prime number?
False
Is 166561 a composite number?
False
Is 382537 a prime number?
False
Is 2347419 composite?
True
Is 23214463 a composite number?
False
Is 111567769 composite?
False
Is 1714483 a composite number?
False
Is 2496883 a prime number?
False
Is 5664359 composite?
False
Is 75605459 a prime number?
True
Is 8662834 composite?
True
Is 33628609 a composite number?
True
Is 171373 a prime number?
False
Is 447047179 prime?
True
Is 4688503 a composite number?
False
Is 2100929 a composite number?
False
Is 15756823 a prime number?
True
Is 254372693 composite?
False
Is 2938267 composite?
True
Is 1125823 a composite number?
False
Is 16624063 a composite number?
True
Is 26906149 a prime number?
True
Is 92379227 composite?
False
Is 46972831 a composite number?
True
Is 3409981 a composite number?
False
Is 104534269 composite?
True
Is 113783573 a prime number?
True
Is 11278339 a prime number?
False
Is 12156827 a composite number?
True
Is 2422597 composite?
True
Is 9363769 composite?
False
Is 8915889 a composite number?
True
Is 66774437 composite?
True
Is 138349 a prime number?
True
Is 8209037 a prime number?
True
Is 30070687 composite?
True
Is 1791311 prime?
False
Is 4177051 prime?
True
Is 6861207 composite?
True
Is 21901729 composite?
True
Is 9613103 a prime number?
False
Is 7647683 a prime number?
True
Is 5522327 a prime number?
True
Is 8968301 a composite number?
False
Is 90499139 a composite number?
True
Is 80841749 composite?
True
Is 18796973 a prime number?
False
Is 97295119 prime?
True
Is 24271151 a prime number?
False
Is 195677 prime?
True
Is 5880437 a prime number?
True
Is 42103489 a composite number?
True
Is 16862515 prime?
False
Is 124427 composite?
False
Is 8623129 a prime number?
False
Is 2238673 composite?
False
Is 10126651 a prime number?
False
Is 353323 a prime number?
False
Is 3063287 a prime number?
True
Is 2863229 a composite number?
False
Is 1154294 composite?
True
Is 122720281 prime?
False
Is 27391097 a composite number?
True
Is 1905679 a composite number?
False
Is 17557409 composite?
False
Is 145720583 composite?
True
Is 12155245 prime?
False
Is 1711380533 composite?
False
Is 13975499 a composite number?
False
Is 38333293 prime?
False
Is 9181823 composite?
True
Is 19597537 a composite number?
False
Is 905329 a composite number?
False
Is 2199094 a prime number?
False
Is 1221079 composite?
False
Is 1868807 composite?
False
Is 291586117 a composite number?
False
Is 9925889 prime?
True
Is 85484197 composite?
True
Is 13675859 a composite number?
False
Is 18336113 composite?
True
Is 492769 a composite number?
False
Is 957007661 a prime number?
True
Is 448805887 composite?
True
Is 4727939 a prime number?
True
Is 12200581 a composite number?
False
Is 57971 prime?
False
Is 78771269 prime?
True
Is 28354421 a prime number?
False
Is 1968053 prime?
True
Is